n 49191 is divided by 193.
169
What is the remainder when 13718 is divided by 3545?
3083
Calculate the remainder when 11558 is divided by 572.
118
Calculate the remainder when 28198 is divided by 271.
14
Calculate the remainder when 60075 is divided by 20003.
66
Calculate the remainder when 785825 is divided by 293.
292
What is the remainder when 5148 is divided by 3839?
1309
Calculate the remainder when 3911 is divided by 13.
11
Calculate the remainder when 215894 is divided by 209.
206
What is the remainder when 828 is divided by 210?
198
What is the remainder when 114977 is divided by 28742?
9
Calculate the remainder when 911848 is divided by 733.
729
Calculate the remainder when 237223 is divided by 382.
1
Calculate the remainder when 2858 is divided by 161.
121
What is the remainder when 141095 is divided by 110?
75
Calculate the remainder when 1195557 is divided by 10.
7
Calculate the remainder when 212500 is divided by 133.
99
What is the remainder when 629 is divided by 264?
101
Calculate the remainder when 5232 is divided by 765.
642
What is the remainder when 9945 is divided by 1956?
165
Calculate the remainder when 71445 is divided by 244.
197
What is the remainder when 71452 is divided by 1429?
2
What is the remainder when 4039 is divided by 2010?
19
Calculate the remainder when 48621 is divided by 16.
13
What is the remainder when 1348955 is divided by 909?
908
Calculate the remainder when 92361 is divided by 129.
126
Calculate the remainder when 8580 is divided by 74.
70
Calculate the remainder when 928 is divided by 809.
119
What is the remainder when 5513 is divided by 109?
63
What is the remainder when 7258 is divided by 1439?
63
Calculate the remainder when 96630 is divided by 257.
255
What is the remainder when 63669 is divided by 95?
19
What is the remainder when 3810 is divided by 63?
30
Calculate the remainder when 10388 is divided by 2939.
1571
Calculate the remainder when 238607 is divided by 446.
443
Calculate the remainder when 247240 is divided by 16.
8
Calculate the remainder when 71370 is divided by 166.
156
What is the remainder when 172387 is divided by 21542?
51
Calculate the remainder when 380106 is divided by 380085.
21
What is the remainder when 64870 is divided by 29?
26
Calculate the remainder when 14010 is divided by 30.
0
What is the remainder when 3572 is divided by 24?
20
Calculate the remainder when 17890 is divided by 5960.
10
What is the remainder when 68872 is divided by 292?
252
Calculate the remainder when 145082 is divided by 83.
81
Calculate the remainder when 28250 is divided by 73.
72
Calculate the remainder when 48406 is divided by 94.
90
What is the remainder when 362 is divided by 340?
22
Calculate the remainder when 1147 is divided by 549.
49
Calculate the remainder when 129645 is divided by 59.
22
What is the remainder when 7391 is divided by 77?
76
Calculate the remainder when 2366 is divided by 24.
14
Calculate the remainder when 574 is divided by 144.
142
Calculate the remainder when 20147 is divided by 6713.
8
What is the remainder when 1413 is divided by 46?
33
What is the remainder when 29934 is divided by 422?
394
Calculate the remainder when 94362 is divided by 27.
24
Calculate the remainder when 3969 is divided by 71.
64
What is the remainder when 77678 is divided by 77667?
11
What is the remainder when 8097 is divided by 60?
57
Calculate the remainder when 1388626 is divided by 34.
32
What is the remainder when 199690 is divided by 135?
25
Calculate the remainder when 6617 is divided by 94.
37
What is the remainder when 3372 is divided by 2600?
772
What is the remainder when 384611 is divided by 128203?
2
Calculate the remainder when 6199761 is divided by 667.
663
What is the remainder when 3566 is divided by 1187?
5
What is the remainder when 225104 is divided by 18?
14
Calculate the remainder when 2037 is divided by 293.
279
What is the remainder when 106516 is divided by 13?
7
What is the remainder when 18865 is divided by 472?
457
Calculate the remainder when 2882 is divided by 76.
70
What is the remainder when 234617 is divided by 58654?
1
What is the remainder when 5611 is divided by 20?
11
Calculate the remainder when 35078 is divided by 502.
440
What is the remainder when 11412 is divided by 3794?
30
What is the remainder when 2127417 is divided by 492?
9
What is the remainder when 1470 is divided by 1268?
202
What is the remainder when 7580 is divided by 8?
4
What is the remainder when 84477 is divided by 184?
21
What is the remainder when 382195 is divided by 300?
295
What is the remainder when 199180 is divided by 105?
100
What is the remainder when 2320 is divided by 579?
4
Calculate the remainder when 16788 is divided by 254.
24
What is the remainder when 84429 is divided by 37?
32
What is the remainder when 231321 is divided by 434?
433
What is the remainder when 20791 is divided by 226?
225
Calculate the remainder when 14024 is divided by 18.
2
What is the remainder when 99363 is divided by 46?
3
Calculate the remainder when 8504 is divided by 37.
31
What is the remainder when 1499426 is divided by 28?
26
Calculate the remainder when 1174527 is divided by 512.
511
Calculate the remainder when 927921 is divided by 63.
57
What is the remainder when 25750 is divided by 215?
165
What is the remainder when 17988 is divided by 125?
113
What is the remainder when 79615 is divided by 256?
255
Calculate the remainder when 113776 is divided by 113729.
47
Calculate the remainder when 38064 is divided by 375.
189
What is the remainder when 1110 is divided by 456?
198
What is the remainder when 1201 is divided by 557?
87
What is the remainder when 6088904 is divided by 692?
688
Calculate the remainder when 8044 is divided by 2010.
4
Calculate the remainder when 1052 is divided by 1005.
47
What is the remainder when 12985 is divided by 1442?
7
Calculate the remainder when 19722 is divided by 1315.
1312
Calculate the remainder when 13722 is divided by 1192.
610
Calculate the remainder when 6512 is divided by 24.
8
What is the remainder when 67046 is divided by 232?
230
What is the remainder when 2478 is divided by 358?
330
What is the remainder when 163211 is divided by 255?
11
Calculate the remainder when 60267 is divided by 205.
202
What is the remainder when 15575 is divided by 7786?
3
Calculate the remainder when 4286 is divided by 32.
30
What is the remainder when 3283 is divided by 543?
25
What is the remainder when 1887 is divided by 29?
2
Calculate the remainder when 7912 is divided by 40.
32
Calculate the remainder when 24268 is divided by 4033.
70
Calculate the remainder when 3585 is divided by 481.
218
Calculate the remainder when 63315 is divided by 183.
180
Calculate the remainder when 12900 is divided by 591.
489
What is the remainder when 8788 is divided by 118?
56
Calculate the remainder when 18237 is divided by 644.
205
What is the remainder when 3641 is divided by 942?
815
Calculate the remainder when 801 is divided by 342.
117
Calculate the remainder when 880600 is divided by 99.
94
What is the remainder when 716922 is divided by 121?
118
Calculate the remainder when 65496 is divided by 9.
3
Calculate the remainder when 5293 is divided by 475.
68
Calculate the remainder when 1244 is divided by 33.
23
Calculate the remainder when 76144 is divided by 62.
8
What is the remainder when 467407 is divided by 718?
707
Calculate the remainder when 7332 is divided by 93.
78
What is the remainder when 2026 is divided by 1011?
4
What is the remainder when 8193 is divided by 1362?
21
What is the remainder when 6738 is divided by 282?
252
Calculate the remainder when 195434 is divided by 79.
67
Calculate the remainder when 1535 is divided by 196.
163
What is the remainder when 19085 is divided by 27?
23
Calculate the remainder when 2756 is divided by 144.
20
What is the remainder when 2287 is divided by 1143?
1
Calculate the remainder when 10270 is divided by 855.
10
Calculate the remainder when 24837 is divided by 30.
27
What is the remainder when 7966 is divided by 242?
222
Calculate the remainder when 121671 is divided by 582.
33
What is the remainder when 5225 is divided by 2607?
11
Calculate the remainder when 14149 is divided by 14137.
12
Calculate the remainder 